when 41 is divided by 23?
18
Calculate the remainder when 30454 is divided by 10150.
4
Calculate the remainder when 531 is divided by 67.
62
Calculate the remainder when 369 is divided by 119.
12
What is the remainder when 610 is divided by 12?
10
Calculate the remainder when 262 is divided by 109.
44
Calculate the remainder when 67 is divided by 28.
11
What is the remainder when 66 is divided by 7?
3
What is the remainder when 313 is divided by 111?
91
What is the remainder when 220 is divided by 45?
40
Calculate the remainder when 384 is divided by 36.
24
What is the remainder when 135 is divided by 8?
7
What is the remainder when 58 is divided by 34?
24
Calculate the remainder when 546 is divided by 213.
120
What is the remainder when 94 is divided by 10?
4
What is the remainder when 94 is divided by 3?
1
Calculate the remainder when 1727 is divided by 96.
95
Calculate the remainder when 875 is divided by 72.
11
Calculate the remainder when 118 is divided by 17.
16
Calculate the remainder when 76 is divided by 18.
4
Calculate the remainder when 47 is divided by 4.
3
What is the remainder when 759 is divided by 86?
71
What is the remainder when 101 is divided by 79?
22
Calculate the remainder when 734 is divided by 51.
20
Calculate the remainder when 116 is divided by 40.
36
What is the remainder when 176 is divided by 128?
48
Calculate the remainder when 14968 is divided by 38.
34
Calculate the remainder when 251 is divided by 187.
64
What is the remainder when 5135 is divided by 1277?
27
Calculate the remainder when 75223 is divided by 177.
175
What is the remainder when 867 is divided by 306?
255
Calculate the remainder when 409 is divided by 18.
13
Calculate the remainder when 1633 is divided by 303.
118
Calculate the remainder when 1041 is divided by 58.
55
What is the remainder when 3740 is divided by 144?
140
Calculate the remainder when 171 is divided by 15.
6
What is the remainder when 70 is divided by 20?
10
What is the remainder when 90 is divided by 57?
33
Calculate the remainder when 54 is divided by 8.
6
What is the remainder when 1509 is divided by 216?
213
Calculate the remainder when 21 is divided by 7.
0
Calculate the remainder when 201 is divided by 51.
48
What is the remainder when 660 is divided by 39?
36
What is the remainder when 375 is divided by 47?
46
What is the remainder when 977 is divided by 125?
102
What is the remainder when 192 is divided by 30?
12
Calculate the remainder when 350 is divided by 8.
6
Calculate the remainder when 582 is divided by 53.
52
Calculate the remainder when 52 is divided by 27.
25
Calculate the remainder when 1144 is divided by 113.
14
What is the remainder when 800 is divided by 9?
8
Calculate the remainder when 93 is divided by 33.
27
Calculate the remainder when 10582 is divided by 407.
0
Calculate the remainder when 523 is divided by 24.
19
What is the remainder when 547 is divided by 10?
7
Calculate the remainder when 4055 is divided by 405.
5
What is the remainder when 190 is divided by 44?
14
Calculate the remainder when 3830 is divided by 201.
11
What is the remainder when 77 is divided by 20?
17
What is the remainder when 216 is divided by 32?
24
What is the remainder when 4657 is divided by 18?
13
Calculate the remainder when 435 is divided by 109.
108
What is the remainder when 4569 is divided by 18?
15
Calculate the remainder when 107 is divided by 19.
12
What is the remainder when 34 is divided by 6?
4
What is the remainder when 6047 is divided by 36?
35
What is the remainder when 240 is divided by 44?
20
Calculate the remainder when 165 is divided by 21.
18
Calculate the remainder when 404 is divided by 45.
44
Calculate the remainder when 281 is divided by 49.
36
Calculate the remainder when 296 is divided by 99.
98
What is the remainder when 609 is divided by 136?
65
What is the remainder when 345 is divided by 13?
7
What is the remainder when 532 is divided by 83?
34
What is the remainder when 3265 is divided by 1627?
11
Calculate the remainder when 837 is divided by 35.
32
Calculate the remainder when 81 is divided by 5.
1
What is the remainder when 1058 is divided by 59?
55
What is the remainder when 490 is divided by 31?
25
What is the remainder when 1394 is divided by 458?
20
What is the remainder when 262 is divided by 88?
86
Calculate the remainder when 97 is divided by 20.
17
What is the remainder when 169 is divided by 17?
16
What is the remainder when 25 is divided by 14?
11
Calculate the remainder when 159 is divided by 23.
21
What is the remainder when 210 is divided by 118?
92
Calculate the remainder when 726 is divided by 110.
66
Calculate the remainder when 281 is divided by 148.
133
What is the remainder when 696 is divided by 32?
24
Calculate the remainder when 118 is divided by 4.
2
What is the remainder when 128 is divided by 62?
4
Calculate the remainder when 135 is divided by 74.
61
What is the remainder when 1645 is divided by 18?
7
What is the remainder when 112 is divided by 56?
0
Calculate the remainder when 6223 is divided by 183.
1
What is the remainder when 17 is divided by 17?
0
Calculate the remainder when 57 is divided by 28.
1
What is the remainder when 166 is divided by 28?
26
Calculate the remainder when 355 is divided by 343.
12
What is the remainder when 86 is divided by 22?
20
Calculate the remainder when 142 is divided by 78.
64
What is the remainder when 5 is divided by 3?
2
What is the remainder when 277 is divided by 35?
32
What is the remainder when 292 is divided by 21?
19
Calculate the remainder when 257 is divided by 69.
50
Calculate the remainder when 110 is divided by 7.
5
Calculate the remainder when 99 is divided by 71.
28
Calculate the remainder when 889 is divided by 177.
4
Calculate the remainder when 51 is divided by 24.
3
Calculate the remainder when 277 is divided by 70.
67
Calculate the remainder when 337 is divided by 69.
61
What is the remainder when 13989 is divided by 318?
315
Calculate the remainder when 297 is divided by 287.
10
What is the remainder when 445 is divided by 115?
100
What is the remainder when 245 is divided by 41?
40
Calculate the remainder when 569 is divided by 19.
18
What is the remainder when 2158 is divided by 23?
19
What is the remainder when 77 is divided by 57?
20
Calculate the remainder when 7610 is divided by 173.
171
Calculate the remainder when 126 is divided by 22.
16
What is the remainder when 294 is divided by 34?
22
Calculate the remainder when 185 is divided by 125.
60
Calculate the remainder when 6925 is divided by 15.
10
Calculate the remainder when 260 is divided by 3.
2
Calculate the remainder when 496 is divided by 223.
50
What is the remainder when 115 is divided by 31?
22
Calculate the remainder when 6338 is divided by 42.
38
Calculate the remainder when 190 is divided by 25.
15
What is the remainder when 170 is divided by 71?
28
What is the remainder when 189 is divided by 50?
39
Calculate the remainder when 1542 is divided by 35.
2
Calculate the remainder when 1852 is divided by 35.
32
Calculate the remainder when 641 is divided by 48.
17
Calculate the remainder when 754 is divided by 36.
34
Calculate the remainder when 44 is divided by 23.
21
Calculate the remainder when 293 is divided by 28.
13
Calculate the remainder when 119 is divided by 96.
23
Calculate the remainder when 4213 is divided by 81.
1
What is the remainder when 104 is divided by 68?
36
Calculate the remainder when 409 is divided by 103.
100
Calculate the remainder when 534 is divided by 135.
129
What is the remainder when 599 is divided by 25?
24
What is the remainder when 109 is divided by 29?
22
Calculate the remainder when 281 is divided by 5.
1
Calculate the remainder when 414 is divided by 26.
24
What is the remainder when 507 is divided by 15?
12
What is the remainder when 444 is divided by 16?
12
What is the remainder when 814 is divided by 165?
154
What is the remainder when 80 is divided by 41?
39
Calculate the remainder when 1748 is divided by 10.
8
What is the remainder when 173 is divided by 25?
23
What is the remainder when 580 is divided by 9?
4
Calculate the remainder when 14069 is divided by 15.
14
What is the remainder when 78 is divided by 4?
2
Calculate the remainder when 782 i